n = l + 44. Let m(h) = -h**2 - 64*h + 58. What is the tens digit of m(l)?
3
Let p(i) = 69*i**3 - 9*i**2 - 126*i + 879. What is the hundreds digit of p(7)?
2
Suppose -74*c = 73*c - 54*c - 7971216. What is the ten thousands digit of c?
8
What is the ten thousands digit of 3/12*-149402*(5 - 12 - -5)?
7
Let f be (-2 - (-3 + 1))*(-2)/(-6). Suppose f = v + v + n + 28, 3*n + 48 = -3*v. What is the tens digit of 9/v*2*-176?
6
Suppose -47*b + 30710 = -24186. Let f = 167 + b. What is the hundreds digit of f?
3
Let g be (-8)/6*(-31278)/52. Let l = 307 + g. What is the thousands digit of l?
1
Let f(t) = 120*t - 149. Let i(v) = 2*v**3 - 11*v**2 + 6*v + 3. Let m be i(5). What is the units digit of f(m)?
1
Let q(w) = w**3 - 11*w**2 + 5*w - 169. What is the tens digit of q(16)?
9
Let o(x) = 335*x**2 + 75*x - 665. What is the hundreds digit of o(10)?
5
Suppose -57*q = -2*o - 60*q + 7541, 3*o = 4*q + 11286. What is the hundreds digit of o?
7
Suppose -7*g + 406 = 595. Let m(u) = 45*u**2 + u + 2. Let p be m(2). Let b = p + g. What is the tens digit of b?
5
Let t = -338 + 505. Suppose -t*u + 36582 = -146*u. What is the units digit of u?
2
Let b = -432 - -435. Suppose 4*k = -3*c + 2724, -3*k = -b*c + c + 1816. What is the units digit of c?
8
Let w(m) = 0 - 12*m - 2*m**2 + 4 - 19*m + m. Let y be w(-15). What is the tens digit of 171 + y + 1 + -6?
7
Suppose -b + 2*d = -645, 2*d - 558 = -b + 103. Suppose -3*v + 5*r - 3*r = -b, -3*v + 5*r + 647 = 0. What is the hundreds digit of v?
2
Let w be 19*2/(-10)*(-1 - 4). Let v(t) = -t + 19. Let k be v(w). Suppose 58 = 4*s - k*s + 5*o, 42 = 4*s - 3*o. What is the tens digit of s?
1
Let i be 30/6 + (102/2)/(-1). Let r be (-1206)/(-15) - (-4)/(-10). Let l = r + i. What is the units digit of l?
4
Suppose 39 = -6*h - 687. Let u be 3*((-5480)/12)/(-5). Let f = h + u. What is the hundreds digit of f?
1
Let w(i) = -6534*i**2 + i + 6533*i**2 - 2 + 0. Let h be w(2). Let k(c) = -34*c + 16. What is the units digit of k(h)?
2
What is the hundreds digit of ((-364752)/(-340))/((-1)/(-10))?
7
Let y(v) = v - 1. Let q(x) = 144*x - 25. Let u(k) = -q(k) - 5*y(k). Let d be u(-15). Suppose -15*b + 0*b + d = 0. What is the units digit of b?
1
Let p(k) = -8*k**2 + 8*k + 8. Let i be p(-1). Suppose 0 = 4*q + 58 - 558. Let r = i + q. What is the units digit of r?
7
Let x(i) = 9*i**2 + 16*i + 39. Let y = -100 - -101. Let f(m) = m**2 + m + 1. Let r(p) = y*x(p) - 5*f(p). What is the tens digit of r(-7)?
5
Suppose -4*r - 43 = -3*a, 4*r = a + a - 34. Suppose 2*o + a*l - 7*l - 366 = 0, -2*l - 554 = -3*o. What is the tens digit of o?
8
Let w(y) = -y**2 + 2*y. Let l be 4*-2 + 4 - -2. Let g be w(l). Let b = 41 + g. What is the tens digit of b?
3
Let d(v) = 334*v + 212. Let b(c) = -111*c - 71. Let x(z) = 8*b(z) + 3*d(z). What is the tens digit of x(5)?
3
Let p = 42 - 30. Suppose 13*c + p = 16*c. Suppose -3*r + 1057 = c*r. What is the units digit of r?
1
Suppose 18434 + 15663 = 7*o. Suppose -2*g + o = 3*m, 5*g - 8120 = 21*m - 26*m. What is the hundreds digit of m?
6
Suppose -5*b = 3*m - 123968, 3*b - 55315 - 19057 = -4*m. What is the thousands digit of b?
4
Suppose 4*d - 218 = 38. Suppose -d + 14 = 10*b. What is the tens digit of (-5045)/(-25) + (-1)/b?
0
Suppose 3*t = 4*t + 5*t. Suppose m + a + 137 = t, -2*m + a - 431 = m. Let f = 205 + m. What is the units digit of f?
3
Let i(u) = 25*u - 8. Let v be i(11). Let d = -451 + v. Let q = 269 + d. What is the tens digit of q?
8
Suppose 643 = 3*p + 2*p - b, 3*b = -4*p + 522. Let y(h) = -75*h - 21 - p*h + 16. What is the hundreds digit of y(-1)?
1
Let c(x) be the second derivative of x**7/420 - x**6/720 + x**5/30 + 5*x**4/3 - 6*x. Let q(n) be the third derivative of c(n). What is the tens digit of q(-3)?
6
What is the hundreds digit of 6 - (-8 - (23033 - -21))?
0
Suppose 3*k = 2*y - 2415 - 112377, -2*y + k + 114788 = 0. What is the tens digit of y?
9
Suppose 0 = 2*m + 5*j - 213, 12*m + 414 = 16*m - 2*j. What is the tens digit of (38/(-4))/((-13)/m)?
7
Suppose -82*g = -78*g - 12. Let a(t) = 47*t**2 - 2*t + 9. What is the tens digit of a(g)?
2
Suppose 341*u - 339*u - 160558 = t, 0 = 4*u + 4*t - 321068. What is the units digit of u?
5
Suppose -3*c + 3*k + 7 - 4 = 0, 22 = -3*c - 2*k. What is the units digit of ((11 + -3)/c)/((-1)/3)?
6
Let p(x) = -1547*x - 5. Let d be p(-1). Suppose 0 = 5*o - 3*o - d. Suppose 3*i - 3*w - 469 = -4*w, -5*i + o = -w. What is the hundreds digit of i?
1
Let t(r) = -r**3 - 12*r**2 + 30*r + 31. Let d be t(-14). Let f(o) = 102*o**2 + 4*o - 6. What is the units digit of f(d)?
4
Suppose n - 17*g = -20*g - 28, n + g = -42. Suppose 0 = 3*i - 3*h - 309, i - h - 2*h = 93. Let l = n + i. What is the tens digit of l?
5
Let k = 2259 + 20252. What is the hundreds digit of k?
5
Let d(y) = -y**2 + 19*y + 43. Let v be d(21). Let i = -13 - v. What is the units digit of 5 - 7/(i/4)?
7
Suppose -b = -5*z - 17779, -116*b + 35528 = -114*b - 5*z. What is the units digit of b?
9
Let u be 2 + (-13)/6 - (-98)/12. Let h be (-2 - 9/(-6))/((-1)/u). Suppose 718 = h*z - 5*a, 4*z - 451 - 273 = 2*a. What is the hundreds digit of z?
1
Let r = -2 + 36. Let o = r - 32. Suppose -o*q + 4 = -16. What is the units digit of q?
0
What is the hundreds digit of 12/(-30) + 87432/30?
9
Let a(w) = -2*w**3 + 5*w**2 + w + 58615. What is the hundreds digit of a(0)?
6
Suppose 5*o = 3*i + 220, 65*i = 2*o + 69*i - 114. What is the units digit of o?
7
Let h = -236 + 251. What is the hundreds digit of (1596/(-5))/(-1) + h/(-75)?
3
Let p(l) = -2*l + 77. Let t be p(25). Let c(r) = 5*r + 179. What is the hundreds digit of c(t)?
3
Let c(a) = 3*a**2 + 2*a + 5. Let p(k) = 1. Let o(b) = -2*b - 7. Let g(s) = -o(s) - 2*p(s). Let h be g(-5). What is the units digit of c(h)?
0
Suppose -5*f + 5*g + 115 = 0, 2*f + 4*g - 32 = -10. Let o(l) = -4 - f + 48*l + 1. What is the units digit of o(3)?
2
Suppose -5*i + 12*q + 5 = 14*q, i - 24 = -5*q. What is the hundreds digit of i - 8/(-6) - 7686/(-27)?
2
Let f(g) = 115*g - 77. Let c be f(2). Let z be -4*(118/4 - 3). Let w = z + c. What is the units digit of w?
7
Let g(i) = i + 6. Let x(z) = -z - 6. Let l(b) = 6*g(b) + 5*x(b). Let k be l(4). Suppose 8*a + 196 = k*a. What is the tens digit of a?
9
Let m(x) = -x**2 - 19*x + 7. Let n be m(-19). Let f be (-623)/(-6) + n/42. Suppose 5*d = 5*j - 1290, 2*j + f = d + 619. What is the tens digit of j?
5
Suppose 0 = -4*y + 3*h - 27, -2*y - 42 = 2*y + 2*h. Let x(d) = -23 + 5*d + 7*d - 24*d + 7*d + 26. What is the tens digit of x(y)?
4
Let n = 4535 + -2328. Suppose 1783 + n = 5*b. What is the units digit of b?
8
Let i(u) = 3*u**3 - 14*u**2 - 9*u + 1706. What is the tens digit of i(28)?
3
Suppose 9 = -2*c + 5*c. Let z be (-3 + 1891)*(c - 2). Suppose 108 = -10*o + z. What is the tens digit of o?
7
Suppose -2*c - l + 2395 = 0, 3*l + 519 = c - 668. Let z = 2094 - c. What is the hundreds digit of z?
8
Let l(f) = 5*f**2 + 5*f + 2. Let i be l(-1). Let g be 29/(-2) - (-4)/8. What is the units digit of 1806/g*i/(-6)*1?
3
Let d(s) = s**3 - s**2 + 4*s + 5. Let j be 2 + 0 + 1 - 0. Suppose z - 16 = -4*i, j*i - 3 = -2*z + 4. What is the hundreds digit of d(i)?
1
Let v(b) = 2*b + 74. Suppose 3*m - 6 = -l, 5*l - 3*l + 8 = -m. What is the tens digit of v(l)?
6
Suppose -5*v = -4*h + 2*h - 6364, 4*v - 5108 = -4*h. Suppose -3186 = -10*k + v. What is the hundreds digit of k?
4
Let i = 158 - -21. Suppose -i*j = -177*j - 916. What is the hundreds digit of j?
4
Let r = 86 + -83. Suppose 0 = -2*i - r*q + 160, 3*q = -2*i + i + 86. What is the units digit of i?
4
Let q(o) = 423 - 328 + 313 - 16*o. What is the tens digit of q(19)?
0
Let z(h) = 8*h**3 + h**2 - 7*h + 9. Let f be z(-4). Let d = 748 + f. What is the tens digit of d?
8
Let f be (2*-1)/(((-56)/236)/(-7)). Let c = f + 63. Suppose -6*n + c*n = -3*g + 310, 4*g + n - 406 = 0. What is the tens digit of g?
0
Let w(o) = o**2 - 11*o + 5. Let r be w(11). Suppose -r*g - 4*a = -978, 3*g - 5*a = -a + 574. Let u = 273 - g. What is the units digit of u?
9
Let r = 22131 + 4331. What is the tens digit of r?
6
What is the thousands digit of -2 + (-68)/(-32) + (-33839)/(-8)?
4
Let x(s) be the first derivative of 10*s + 7*s**2 + 15 - 10*s - 2*s. What is the units digit of x(13)?
0
Let f = 12611 + -5680. What is the units digit of f?
1
Suppose 2*t = 3*t - 481. Suppo